)?
5
Let q(p) = -99*p**3 + 2*p**2 + 2*p + 1. Calculate q(-1).
100
Let m(l) = 2*l**3 + 4*l**2 + 3*l. Determine m(-3).
-27
Let c(p) = p**2 + 22*p - 40. What is c(-24)?
8
Let i(y) = -2*y**2 + 55*y - 312. What is i(8)?
0
Let c(z) = -z**3 - 6*z**2 - 10*z - 3. What is c(-4)?
5
Let b(l) = l**3 + 6*l**2 - 10*l - 18. Calculate b(-7).
3
Let r(b) = -7*b**3 + 2*b**2 - 4*b + 3. Calculate r(1).
-6
Let u(q) = -q**3 - 13*q**2 + 11*q - 2. What is u(-14)?
40
Let x(q) = 14*q - 212. Determine x(15).
-2
Let m(n) = n**2 + n - 15. Give m(-9).
57
Let x(f) = 5*f - 20. What is x(14)?
50
Let o(b) = -b**3 + 11*b**2 + 11*b + 6. Give o(12).
-6
Let i(j) = j**3 - 8*j**2 - 8*j + 9. Determine i(9).
18
Let p(d) = -8*d + 15. Calculate p(-9).
87
Let x(s) = -2*s - 3. Give x(10).
-23
Let z(h) = 22*h - 212. Determine z(10).
8
Let c(n) = -n**2 + 27*n - 32. Determine c(26).
-6
Let t(o) = 2*o**3 - 14*o**2 + 3*o - 2. Give t(7).
19
Let y(d) = -8*d + 197. Give y(25).
-3
Let w(n) = -47*n**3 - 2*n**2 + n. Give w(1).
-48
Let i(z) = z**2 - 13*z + 27. Determine i(11).
5
Let w(r) = -4*r**2 - 2*r + 4. Calculate w(0).
4
Let q(g) = -g**2 + 8*g + 5. Calculate q(4).
21
Let w(x) = -3*x**3 - 4*x**2 - 5*x - 7. Determine w(-3).
53
Let m(a) = 3*a - 26. Determine m(13).
13
Let l(f) = f**3 - 13*f**2 - 29*f - 12. Determine l(15).
3
Let r(l) = l**2 + 17*l - 107. Determine r(-22).
3
Let n(w) = w**2 - 24*w - 171. What is n(29)?
-26
Let u(x) = -12*x + 72. Give u(6).
0
Let l(q) = -q - 13. What is l(-19)?
6
Let t(j) = j**3 - 5*j**2 + 3*j + 1. What is t(5)?
16
Let w(u) = 6*u + 25. Determine w(-3).
7
Let u(j) = -7*j + 3. Give u(-1).
10
Let r(s) = 13*s + 2. Determine r(-1).
-11
Let b(l) = l**3 + 12*l**2 - 19*l - 3. What is b(-13)?
75
Let o(a) = -a**2 + 4*a + 16. What is o(7)?
-5
Let q(c) = 19*c - 7. Determine q(8).
145
Let p(k) = -k**3 - 13*k**2 - 2*k - 6. Give p(-13).
20
Let p(h) = h**3 - 20*h**2 - 2*h - 57. What is p(20)?
-97
Let w(v) = 2*v**2 - 7*v - 7. What is w(9)?
92
Let k(n) = -n**2 - 7*n + 8. Determine k(-6).
14
Let y(c) = c + 3. Determine y(-9).
-6
Let s(v) = v**3 + 8*v**2 + 11*v + 5. Give s(-7).
-23
Let q(x) = x**3 - 2*x**2 - 3*x + 6. Determine q(3).
6
Let u(t) = t**3 - 6*t**2 - 8*t - 4. Calculate u(7).
-11
Let l(o) = -10*o - 12. What is l(9)?
-102
Let f(x) = -2*x**2 + 15*x - 9. Give f(7).
-2
Let n(f) = f**2 - 7*f - 92. What is n(14)?
6
Let j(h) = 2*h**3 + 4*h**2 + 2*h + 6. Determine j(-2).
2
Let g(z) = 4*z - 11. Give g(4).
5
Let q(s) = -3*s**2 - 2*s + 2. What is q(3)?
-31
Let w(k) = k**2 + 14*k + 25. What is w(-11)?
-8
Let y(a) = -a**3 + 5*a**2 - 3*a - 6. Determine y(4).
-2
Let i(t) = -21*t + 113. What is i(5)?
8
Let r(x) = x**2 - 41*x - 128. Give r(44).
4
Let w(j) = -3*j**2 + 37*j + 1. Determine w(12).
13
Let r(z) = -z**2 - 15*z - 31. Determine r(-9).
23
Let w(r) = -7*r + 3. Calculate w(-2).
17
Let i(x) = 2*x**2 + 35*x - 6. What is i(-18)?
12
Let d(q) = -27*q - 3. What is d(0)?
-3
Let m(a) = 5*a + 48. Calculate m(-8).
8
Let l(m) = -39*m**2 - 1131*m + 6. Determine l(-29).
6
Let x(o) = o**2 - 12*o + 19. Give x(8).
-13
Let r(f) = 2*f**3 + 4*f**2 - f - 2. What is r(1)?
3
Let w(i) = i**2 - 3*i - 1. What is w(7)?
27
Let m(i) = 6*i - 1. Calculate m(-2).
-13
Let x(a) = a**2 + 22*a - 12. Give x(-26).
92
Let t(r) = -4*r - 6. Give t(-4).
10
Let z(s) = s**2 + 5*s - 46. Determine z(-14).
80
Let j(d) = d**3 - 11*d**2 - 22*d - 50. Give j(13).
2
Let b(p) = -p**3 - 4*p**2 + 30*p + 9. Calculate b(4).
1
Let t(u) = -9*u**2 + 90*u - 3. Calculate t(10).
-3
Let o(g) = 3*g**2 - 181*g - 129. Determine o(61).
-7
Let x(n) = 3*n**3 + 2*n**2 - 3*n - 2. What is x(-2)?
-12
Let v(j) = -j**3 + 7*j**2 - 3*j + 5. Give v(7).
-16
Let q(s) = -s**3 + 3*s**2 - 4*s + 4. Give q(3).
-8
Let m(w) = w**3 + 3*w**2 - 5*w + 5. Give m(-5).
-20
Let g(y) = -y**2 + 2*y + 41. Determine g(6).
17
Let g(l) = 4*l + 42. Determine g(-11).
-2
Let m(x) = -25*x**3 + 2*x**2 - 3*x + 4. Determine m(2).
-194
Let q(v) = v**2 + 19*v + 8. Determine q(0).
8
Let d(f) = -f**3 - 3*f**2 - 2*f - 8. Give d(-6).
112
Let b(s) = s**3 + 4*s**2 - 45*s - 202. Calculate b(-5).
-2
Let c(a) = -2*a**2 - 35*a - 11. Calculate c(-15).
64
Let t(b) = 12*b**2 - b - 2. What is t(-2)?
48
Let g(f) = -2*f**2 - 4*f + 5. Determine g(-6).
-43
Let l(z) = z**3 + 4*z**2 - 10*z - 7. Determine l(-6).
-19
Let j(g) = -104*g + 940. Determine j(9).
4
Let f(x) = -x**2 - 19*x + 14. Give f(-20).
-6
Let z(f) = -17*f + 76. Calculate z(5).
-9
Let k(c) = -9*c + 13. Give k(-2).
31
Let c(o) = o - 12. Determine c(3).
-9
Let h(i) = -i**2 + 11*i - 12. Calculate h(10).
-2
Let k(y) = y**3 - 10*y**2 - 28*y + 50. What is k(12)?
2
Let z(j) = 3*j**2 - 102*j + 10. Calculate z(34).
10
Let h(n) = -n**3 - 11*n**2 - 12*n - 15. Calculate h(-10).
5
Let f(q) = q**2 - 11*q + 18. Determine f(2).
0
Let r(v) = -20*v + 20. Give r(1).
0
Let w(l) = l**2 + 6*l - 6. What is w(-6)?
-6
Let m(w) = w + 11. Calculate m(-14).
-3
Let s(m) = -m**2 + 25*m - 20. What is s(24)?
4
Let w(n) = -9*n - 472. What is w(-53)?
5
Let b(k) = -9*k - 19. Calculate b(-8).
53
Let z(i) = i**2 + 27*i + 181. What is z(-15)?
1
Let g(a) = -2*a + 25. Calculate g(11).
3
Let v(s) = -s**2 + 3*s + 78. Calculate v(-8).
-10
Let p(v) = v**2 - 12*v + 17. What is p(13)?
30
Let o(t) = 29*t**3 - 1. What is o(1)?
28
Let r(i) = -i - 23. Give r(0).
-23
Let u(z) = z**2 + 17*z + 50. Give u(-12).
-10
Let u(c) = 12*c + 65. Give u(-6).
-7
Let x(c) = c**2 + 4*c + 3. Determine x(-4).
3
Let a(z) = -z**2 - 17*z + 12. Calculate a(-17).
12
Let g(m) = m**2 - 11*m + 23. Give g(0).
23
Let a(s) = s**3 + 2*s**2 - 5*s + 4. What is a(-5)?
-46
Let n(z) = 3*z - 24. Determine n(6).
-6
Let w(v) = 4*v**2 + 35*v + 12. What is w(-8)?
-12
Let g(x) = -5*x - 11. Calculate g(-3).
4
Let q(w) = 21*w + 44. Give q(0).
44
Let x(f) = -14*f - 7. Give x(4).
-63
Let p(u) = 3*u**2 + 12*u - 18. Give p(2).
18
Let f(r) = -r**2 + 40*r + 169. Calculate f(44).
-7
Let p(a) = 5*a + 18. Calculate p(6).
48
Let d(m) = -4*m + 18. Calculate d(-25).
118
Let o(w) = w - 5. Calculate o(1).
-4
Let a(y) = y**3 + 5*y**2 + y - 3. Determine a(-4).
9
Let c(l) = 37*l - 226. What is c(6)?
-4
Let g(y) = -14*y - 1. Give g(1).
-15
Let u(t) = -36*t + 169. Give u(6).
-47
Let s(q) = 2*q**2 + 10*q + 5. Give s(-4).
-3
Let g(d) = 6*d**3 + 3*d**2 + 3*d + 3. Determine g(-2).
-39
Let z(r) = -r**3 - 14*r**2 - 10*r + 5. Give z(-13).
-34
Let d(h) = -6*h + 37. Calculate d(6).
1
Let v(k) = 2*k + 2. What is v(-4)?
-6
Let d(q) = 5*q**2 + 104*q - 31. Give d(-21).
-10
Let r(d) = 17*d + 29. Determine r(-8).
-107
Let m(i) = -3*i**2 - 17*i. Give m(-7).
-28
Let z(l) = 2*l**3 - 68*l**2 + 2*l - 58. What is z(34)?
10
Let b(j) = -8*j + 37. What is b(4)?
5
Let v(f) = f**3 + 2*f**2 - 25*f + 4. Calculate v(-6).
10
Let s(t) = t**2 - 26*t - 3. Calculate s(26).
-3
Let f(o) = -7*o + 15. Determine f(6).
-27
Let s(p) = 2*p**2 + 23*p + 11. What is s(-11)?
0
Let g(f) = -3*f**2 - 55*f + 43. What is g(-19)?
5
Let j(n) = n**2 + n - 8. Give j(-8).
48
Let j(k) = -2*k**2 + 4*k + 4. What is j(4)?
-12
Let c(y) = 7*y**2 + 1. Determine c(1).
8
Let c(g) = -6*g + 97. Determine c(14).
13
Let i(t) = 6*t - 2. What is i(-1)?
-8
Let h(d) = -2*d**2 - 13*d + 5. Give h(-7).
-2
Let w(f) = -f**2 + 4. Give w(4).
-12
Let t(o) = -3*o**3 - 4*o**2 - 2*o. Calculate t(-2).
12
Let m(y) = -6*y**2 - 17*y - 11. Calculate m(-2).
-1
Let f(q) = -q**2 - 13*q + 9. What is f(-5)?
49
Let d(r) = 2*r**3 + r + 1. Calculate d(-1).
-2
Let g(w) = 2*w**3 - 4*w**2 + w - 3. Give g(2).
-1
Let l(q) = q**3 + 6*q**2 + 5*q + 10. Determine l(-5).
10
Let s(q) = -12*q - 28. What is s(-1)?
-16
Let r(l) = -l**3 + 16*l**2 - 13*l - 30. What is r(15)?
0
Let n(a) = -a**3 + 15*a**2 + 20*a - 73. What is n(16)?
-9
Let b(f) = -6*f**3 + 14*f**2 - 3*f + 1. What is b(3)?
-44
Let k(g) = g**3 - 10*g**2 - 7*g + 54. Determine k(10).
-16
Let k(t) = -t**3 + 6*t**2 - 7*t. Calculate k(5).
-10
Let y(s) = -7*s + 49. What is y(11)?
-28
Let b(c) = 10*c - 19. Give b(7).
51
Let q(u) = -25*u**3 - u**2 + 1. Give q(-1).
25
Let x(i) = -2*i - 3. What is x(-6)?
9
Let w(q) = -q**3 - 6*q**2 + 2*q - 5. Determine w(-6).
-17
Let v(f) = -10*f + 22. Determine v(1).
12
Let w(v) = 2*v - 4. What is w(7)?
10
Let m(v) = v**3 - 10*v**2 + 16*v + 7. Calculate m(7).
-28
Let s(d) = -3*d**2 - 4*d + 6. Determine s(1).
-1
Let d(w) = -w + 11. Calculate d(6).
5
Let o(d) = d**3 - 2*d**2 - d - 10. G